umber?
True
Is ((-2)/(8/(-40566)))/(462/924) a prime number?
False
Suppose 6*t = t + 4*c + 688085, 2*c + 688085 = 5*t. Is t composite?
True
Let a = -21068 - -54963. Suppose -h - a = -5*b, 3*b + 2*h + h - 20337 = 0. Is b a prime number?
True
Let z be ((-16765)/70)/(2/(-112)). Suppose 6*p + z = 39230. Is p prime?
False
Is (3 - (-18)/(-9))*5847/(-3)*-5 a composite number?
True
Let c be (0 + 0)*2/2. Suppose -8*r + 3*r - 4*h + 1250 = 0, c = -4*r + 3*h + 1000. Let o = r - 176. Is o a prime number?
False
Suppose 24*z - 22*z = 15*z - 2709577. Is z prime?
False
Let d(l) = 85*l**2 - 37*l + 325. Is d(24) prime?
True
Let n = 8273 - -62334. Is n prime?
True
Let l(i) = -i**2 - 6*i + 25. Let k(w) = -3*w**2 - 2*w - 1. Let a be k(-2). Let h be l(a). Is h/(-6)*(0 + 993) a composite number?
False
Let a = -280 - -190. Let s = 80 + a. Is -7 + 408 - 5/(s/(-8)) prime?
True
Suppose -4*j + 2*s = -64216, -4*s - s = j - 16032. Suppose 2*h + 5*z - 32089 = 0, -j = -h - 2*z + z. Is h composite?
False
Let i(v) = 18*v**2 + 8*v - 16. Let x be i(6). Suppose 4*t = 5*h + 693 + x, -4*t + 1338 = 2*h. Is t prime?
True
Suppose -46*j - 57*j = -106*j + 901155. Is j a prime number?
False
Suppose -2*v + 520893 - 12576 = 3*f, 2*v - 508310 = 4*f. Is v a composite number?
True
Let n = 1504 - 313. Is n prime?
False
Is (-660)/55 - -1*23149 prime?
False
Suppose 1 = 5*r + 11. Let f be (0 + 48/28)*(-7)/r. Suppose -10*n + f*n + 1644 = 0. Is n a prime number?
False
Let l be ((-231)/22)/(-7)*(-4)/6. Is -9*(l - (-36950)/(-15)) a prime number?
False
Suppose 2*f - 2 - 8 = 0. Suppose -4162 = -f*h - 992. Is (-8 + 7)*0 + -1 + h a prime number?
False
Let q be (20/(-16))/(-2 + (-30645)/(-15324)). Let k = -2400 + q. Is k a prime number?
False
Let r = 47 - 35. Is (-2)/r + (-49903)/(-6) composite?
False
Let i(r) = r**2 - 7*r - 47. Let d be i(11). Is d/6 + (-44772)/(-24) a prime number?
False
Suppose -57*a - 1682373 = -17105501 - 579793. Is a a composite number?
True
Let a(y) = -y**3 - 5*y**2 - 5*y + 6. Let n be a(-3). Suppose 5*u - 3*u = n*u. Suppose 4*v + 946 - 4630 = u. Is v a prime number?
False
Suppose -51*z = -15*z - 2547972. Is z a composite number?
True
Is 9/48 - 10056545/(-80) prime?
True
Let j(n) = n**3 - 4*n**2 - 12*n + 2. Let o be j(6). Suppose -7*g + 10550 = -o*g. Suppose -7*u - 3*u + g = 0. Is u prime?
True
Suppose -62*y - 5*r + 256065 = -61*y, y + r = 256081. Is y a composite number?
True
Let o(r) = -r**3 + 4*r**2 + 6*r - 7. Let d be o(5). Let u(a) be the first derivative of 23*a**3 - 3*a**2/2 - 4*a + 361. Is u(d) a composite number?
True
Suppose -177*r = -164*r - 13486772. Suppose -r - 232832 = -28*x. Is x composite?
True
Let t = 2 - -10. Suppose -t = -4*a + 8. Suppose 4*g + 1773 = -2*c + a*c, 1749 = 3*c + 4*g. Is c a prime number?
True
Suppose -4010793 = -31*f + 8*f - 1061894. Is f a composite number?
False
Let t(c) = 621*c + 1432. Is t(61) prime?
True
Suppose -51*g + 26*g + 1017762 = -19*g. Is g a composite number?
False
Let o(y) = -32*y - 209. Let q = 45 - 56. Is o(q) prime?
False
Let o(k) = -3*k**2 + k**2 + 5 - 139*k + 134*k + 61*k**3 - 1. Is o(3) composite?
True
Let f = 6732326 - 3334869. Is f prime?
False
Let y be 13/4 + (-3)/(-4). Let f(g) = -3 - 4*g + 3553*g**2 - 3549*g**2 + 29*g**3 - 28*g**3. Is f(y) a composite number?
False
Suppose 30 = 5*q + 5*i, -6*q - i + 22 = -q. Let n(d) = 325*d - 3. Let o be n(q). Suppose 2*t - 277 - o = 0. Is t a prime number?
True
Let l = 8947 + -6614. Is l a prime number?
True
Let p = 1978 - 974. Let q = p - 381. Is q a prime number?
False
Suppose -2120283 = -38*a + 13224839. Is a a composite number?
True
Let h = -2477 + 15012. Suppose -4*d - d + 5*i + h = 0, 0 = 5*d - 4*i - 12536. Suppose -2*c + d = 2*a, 2*a - 5*c + 2505 = 4*a. Is a a composite number?
True
Let q be 266/(-28) - (-3 + 14/4). Is (-5 + 1067/(-22))*1*q a composite number?
True
Let f(r) = 14162*r + 4. Let h be f(1). Suppose -5*k + 4*d = -h, 3*d + 3 = 6. Let y = k + -1639. Is y a composite number?
True
Suppose -5*t + 11 = 131. Let i be t/84 + 8306/14. Let r = i - 112. Is r a composite number?
True
Suppose 2*m + 5 = -b - 1, 4*m - 5*b = 16. Is (-1 - m - 13)*-1019 a composite number?
True
Let l(g) = -g**3 + 5*g**2 + 5*g - 8. Let d be l(6). Let r = -444 - -446. Is r - (20086/d + 24/(-84)) a composite number?
True
Let h(l) = l**3 - 161*l**2 + 605*l - 332. Is h(161) a composite number?
False
Let g(q) = q**3 + 2*q. Let p(l) = 5*l**3 + 25*l**2 + 56*l - 13. Let o(k) = 6*g(k) - p(k). Is o(32) prime?
False
Suppose -2*i - 43 + 53 = 0, 0 = -s + i. Suppose -q + 847 = 5*c, s*q - 777 = -4*c - 91. Is c a prime number?
False
Suppose -13*h = -19902 - 9946. Let l = 6035 - h. Is l a composite number?
False
Suppose -5*m = u + 241, -4*m - u - 188 = u. Let b = -46 - m. Is -1 + b + -1*(-701 - 4) prime?
False
Suppose 4666794 + 1475652 = 21*y + 33*y. Is y prime?
True
Suppose -3*h + 3*z = -174, -2*z - 105 = -4*h + 121. Is 2/(-5) - (-74877)/h composite?
False
Let v = 48 - 44. Let s(j) = -6*j**2 - 9*j + 6. Let z(r) = 11*r**2 + 18*r - 11. Let l(u) = v*z(u) + 7*s(u). Is l(-7) composite?
True
Let c(u) be the second derivative of -76*u**5/5 + 11*u**4/12 - u**3/6 - 7*u**2/2 - 280*u. Is c(-6) a composite number?
True
Let l(i) = 3636*i - 223. Is l(5) a composite number?
False
Let u = 164006 + -114456. Suppose 9*w = -16*w + u. Is w a composite number?
True
Suppose -59*p + 2242312 = -19*p - 13955328. Is p prime?
True
Let m = 5426 - -232727. Is m a prime number?
False
Let q(u) = 5*u + 61. Let i = -108 + 96. Let n be q(i). Is (n - -1) + (-26061)/(-17) prime?
False
Let l be (2/3)/((-2)/(-9)). Suppose 2*w = -3*o - 9, -7 = -l*w + 5*o + 8. Suppose w*j + j - 191 = 0. Is j a composite number?
False
Let w = -77220 - -117451. Is w composite?
False
Suppose 18*t - 13438 - 61028 = 0. Suppose 4*y + t = o, 5*o - 20593 = -7*y + 4*y. Is o composite?
True
Let u = -237 + 229. Is -6*(-4)/(u/(-1499)) composite?
True
Let o(n) = 1954*n**2 - 14*n + 12. Let y be o(4). Suppose b - 13157 + 38148 = 4*r, 5*r - y = -5*b. Is r a composite number?
False
Suppose 0 = -5*x + 30 + 1670. Let f be (-6)/(-18)*-1*393. Let i = x + f. Is i a prime number?
False
Let j(d) = 7*d**2 - 2*d - 7. Let c(w) = -w**2 + w + 1. Let t(o) = 5*c(o) + j(o). Let y be t(2). Suppose 3*f - y*f = -9495. Is f a prime number?
False
Suppose -k - 91 = -3*o, -5*k + o - 89 - 310 = 0. Let d = k + 76. Is 3*d/(-36) + 1254/8 a composite number?
False
Let v(p) = -p**3 - 21*p**2 + 45*p + 39. Let i be v(-25). Is (i/(-56))/((-2)/536) a composite number?
True
Let q(f) = -630*f + 23. Let n be q(-2). Suppose 0 = 4*h - n - 3257. Is h a prime number?
False
Suppose 2*z + 26 = -o, 0*o - 2*o - z - 43 = 0. Let l(r) = 2*r**3 - 26*r**2 - 3*r - 3. Let v be l(14). Is v/5 + 8/o prime?
False
Let d(f) = 59 - 133 + 49*f + 32. Let h = 45 - 26. Is d(h) prime?
False
Let d = 11712 + -548. Suppose 2*v = -3*v + 3*b + d, 4*v = -5*b + 8909. Is v prime?
False
Let i be 2/6 + 130044/18. Suppose 8*g - 3*g = i. Let y = g + -376. Is y composite?
False
Suppose -5606861 = -4*s - 13257. Is s a prime number?
True
Let l be ((-16108)/6)/(85/(-255)). Is 3 + (3 - l*20/(-8)) composite?
True
Let y(d) be the third derivative of d**6/60 - d**5/6 + 3*d**4/8 - 13*d**3/6 + 93*d**2. Is y(8) a composite number?
False
Suppose -3*x = -g - 5 + 1, -5*x + 36 = g. Suppose -6*s + g*s = 10. Let n(v) = 59*v**3 + v**2 - 4*v + 3. Is n(s) composite?
True
Suppose -26*x + 15173903 = 42*x - 21*x. Is x prime?
True
Suppose 0 = -7*v + 19*v + 6*v - 39732174. Is v prime?
False
Suppose 81*z + 21262857 = 312*z. Is z a prime number?
False
Is 302781 - (-130)/91*7 composite?
False
Suppose 0 = -1713*s + 1689*s + 6002472. Is s a prime number?
False
Suppose -2*k = -10*k - 16816. Let v = 9541 + k. Is v prime?
False
Let m(q) = 34*q**3 + 4*q**2 + 3*q - 2. Let k = -78 - -82. Let u be m(k). Let h = u + -1483. Is h composite?
True
Suppose 3*v - 12 = -0*v. Let s be 2990 - (-6 + v) - -2. Suppose 2*o + s = 8*o. Is o composite?
False
Let j be 3/2 + (-75)/(-30). Suppose 122 = -j*w - 2*q, -3*w - 3*q - 67 = -w. Let k = w - -96. Is k composite?
False
Let g be -4 + -1 + 1 - -34. Let t be 23/5 + 12/g. Let z(v) = 36*v - 1. Is z(t) a composite number?
False
Let l = -11078 + 8570. Let y = 3178 + 969. Let t = y + l. Is t composite?
True
Suppose 4*x = -2*t - 2*t + 53700, -2*x + t + 26862 = 0. Let h b